{"id":551,"date":"2011-06-13T19:08:42","date_gmt":"2011-06-13T19:08:42","guid":{"rendered":"http:\/\/www.slangtimes.com\/bernhardschmid\/?page_id=551"},"modified":"2012-10-23T09:10:34","modified_gmt":"2012-10-23T09:10:34","slug":"ein-amerikaner-in-brussel","status":"publish","type":"page","link":"https:\/\/www.slangtimes.com\/bernhardschmid\/ein-amerikaner-in-brussel\/","title":{"rendered":"Ein Amerikaner in Br\u00fcssel"},"content":{"rendered":"<figure id=\"attachment_543\" aria-describedby=\"caption-attachment-543\" style=\"width: 200px\" class=\"wp-caption alignleft\"><a href=\"http:\/\/www.slangtimes.com\/bernhardschmid\/wp-content\/uploads\/2011\/06\/rif2.jpg\"><img fetchpriority=\"high\" decoding=\"async\" class=\"size-full wp-image-543 \" title=\"rif\" src=\"http:\/\/www.slangtimes.com\/bernhardschmid\/wp-content\/uploads\/2011\/06\/rif2.jpg\" alt=\"\" width=\"200\" height=\"298\" \/><\/a><figcaption id=\"caption-attachment-543\" class=\"wp-caption-text\">Ab September!<\/figcaption><\/figure>\n<p>Ausgerechnet ein Amerikaner will Europa mit einem radikalen Denkmodell mobilisieren, das die Welt nicht nur vor der Klimakatastrophe bewahren, sondern auch die Weltwirtschaft vor dem endg\u00fcltigen Kollaps retten soll. Zu schweigen von unserer Spezies an sich. Und er ist mit seinen Bem\u00fchungen bereits weiter gediehen, als man annehmen m\u00f6chte. Jeremy Rifkin der Mann mit dem Plan. Und einem neuen Buch \u2013 \u00fcber diesen Plan: Die Dritte Industrielle Revolution.<\/p>\n<p>Als ich vor genau 30 Jahren <strong>Jeremy Rifkin<\/strong>s erstes Buch <strong><em>Entropie<\/em><\/strong> las, war er einer von vielen. Jedenfalls f\u00fcr mich. Einer von vielen amerikanischen Sachbuchautoren, die immer irgendwie interessante, manchmal spektakul\u00e4re B\u00fccher schreiben, die man gern lesen w\u00fcrde, mal anliest, mal sogar zu Ende bringt. <em><strong>Entropie<\/strong><\/em> habe ich ganz gelesen. Und dann bei aller Betroffenheit trotzdem wieder vergessen. So ist das nun mal mit Sachb\u00fcchern. Entropie wurde seinerzeit ein <strong>Bestseller<\/strong> und <strong>Rifkin<\/strong> ein Bestsellerautor. Der Mann, der schon gegen den Vietnamkrieg aktiv war, hat eine riesige Lesergemeinde.<\/p>\n<p>Und dass er es im Gegensatz zum Gros seiner Kollegen nicht beim Schreiben belassen hat, macht mir als \u00dcbersetzer besondere Freude. Das Buch von einem Mann \u00fcbersetzt zu haben, dessen Ideen die europ\u00e4ische Politik des 21. Jahrhundert so ma\u00dfgeblich pr\u00e4gen wird, das hat eine ganz eigene Qualit\u00e4t.<\/p>\n<p>Dazu demn\u00e4chst hier mehr.<\/p>\n","protected":false},"excerpt":{"rendered":"<p>Ausgerechnet ein Amerikaner will Europa mit einem radikalen Denkmodell mobilisieren, das die Welt nicht nur vor der Klimakatastrophe bewahren, sondern auch die Weltwirtschaft vor dem endg\u00fcltigen Kollaps retten soll. Zu schweigen von unserer Spezies an sich. Und er ist mit seinen Bem\u00fchungen bereits weiter gediehen, als man annehmen m\u00f6chte. Jeremy Rifkin der Mann mit dem [&hellip;]<\/p>\n","protected":false},"author":1,"featured_media":0,"parent":0,"menu_order":5,"comment_status":"open","ping_status":"open","template":"","meta":{"_crdt_document":"","ngg_post_thumbnail":0,"ocean_post_layout":"","ocean_both_sidebars_style":"","ocean_both_sidebars_content_width":0,"ocean_both_sidebars_sidebars_width":0,"ocean_sidebar":"","ocean_second_sidebar":"","ocean_disable_margins":"enable","ocean_add_body_class":"","ocean_shortcode_before_top_bar":"","ocean_shortcode_after_top_bar":"","ocean_shortcode_before_header":"","ocean_shortcode_after_header":"","ocean_has_shortcode":"","ocean_shortcode_after_title":"","ocean_shortcode_before_footer_widgets":"","ocean_shortcode_after_footer_widgets":"","ocean_shortcode_before_footer_bottom":"","ocean_shortcode_after_footer_bottom":"","ocean_display_top_bar":"default","ocean_display_header":"default","ocean_header_style":"","ocean_center_header_left_menu":"","ocean_custom_header_template":"","ocean_custom_logo":0,"ocean_custom_retina_logo":0,"ocean_custom_logo_max_width":0,"ocean_custom_logo_tablet_max_width":0,"ocean_custom_logo_mobile_max_width":0,"ocean_custom_logo_max_height":0,"ocean_custom_logo_tablet_max_height":0,"ocean_custom_logo_mobile_max_height":0,"ocean_header_custom_menu":"","ocean_menu_typo_font_family":"","ocean_menu_typo_font_subset":"","ocean_menu_typo_font_size":0,"ocean_menu_typo_font_size_tablet":0,"ocean_menu_typo_font_size_mobile":0,"ocean_menu_typo_font_size_unit":"px","ocean_menu_typo_font_weight":"","ocean_menu_typo_font_weight_tablet":"","ocean_menu_typo_font_weight_mobile":"","ocean_menu_typo_transform":"","ocean_menu_typo_transform_tablet":"","ocean_menu_typo_transform_mobile":"","ocean_menu_typo_line_height":0,"ocean_menu_typo_line_height_tablet":0,"ocean_menu_typo_line_height_mobile":0,"ocean_menu_typo_line_height_unit":"","ocean_menu_typo_spacing":0,"ocean_menu_typo_spacing_tablet":0,"ocean_menu_typo_spacing_mobile":0,"ocean_menu_typo_spacing_unit":"","ocean_menu_link_color":"","ocean_menu_link_color_hover":"","ocean_menu_link_color_active":"","ocean_menu_link_background":"","ocean_menu_link_hover_background":"","ocean_menu_link_active_background":"","ocean_menu_social_links_bg":"","ocean_menu_social_hover_links_bg":"","ocean_menu_social_links_color":"","ocean_menu_social_hover_links_color":"","ocean_disable_title":"default","ocean_disable_heading":"default","ocean_post_title":"","ocean_post_subheading":"","ocean_post_title_style":"","ocean_post_title_background_color":"","ocean_post_title_background":0,"ocean_post_title_bg_image_position":"","ocean_post_title_bg_image_attachment":"","ocean_post_title_bg_image_repeat":"","ocean_post_title_bg_image_size":"","ocean_post_title_height":0,"ocean_post_title_bg_overlay":0.5,"ocean_post_title_bg_overlay_color":"","ocean_disable_breadcrumbs":"default","ocean_breadcrumbs_color":"","ocean_breadcrumbs_separator_color":"","ocean_breadcrumbs_links_color":"","ocean_breadcrumbs_links_hover_color":"","ocean_display_footer_widgets":"default","ocean_display_footer_bottom":"default","ocean_custom_footer_template":"","footnotes":""},"categories":[],"tags":[],"class_list":["post-551","page","type-page","status-publish","hentry","entry"],"_links":{"self":[{"href":"https:\/\/www.slangtimes.com\/bernhardschmid\/wp-json\/wp\/v2\/pages\/551","targetHints":{"allow":["GET"]}}],"collection":[{"href":"https:\/\/www.slangtimes.com\/bernhardschmid\/wp-json\/wp\/v2\/pages"}],"about":[{"href":"https:\/\/www.slangtimes.com\/bernhardschmid\/wp-json\/wp\/v2\/types\/page"}],"author":[{"embeddable":true,"href":"https:\/\/www.slangtimes.com\/bernhardschmid\/wp-json\/wp\/v2\/users\/1"}],"replies":[{"embeddable":true,"href":"https:\/\/www.slangtimes.com\/bernhardschmid\/wp-json\/wp\/v2\/comments?post=551"}],"version-history":[{"count":4,"href":"https:\/\/www.slangtimes.com\/bernhardschmid\/wp-json\/wp\/v2\/pages\/551\/revisions"}],"predecessor-version":[{"id":616,"href":"https:\/\/www.slangtimes.com\/bernhardschmid\/wp-json\/wp\/v2\/pages\/551\/revisions\/616"}],"wp:attachment":[{"href":"https:\/\/www.slangtimes.com\/bernhardschmid\/wp-json\/wp\/v2\/media?parent=551"}],"wp:term":[{"taxonomy":"category","embeddable":true,"href":"https:\/\/www.slangtimes.com\/bernhardschmid\/wp-json\/wp\/v2\/categories?post=551"},{"taxonomy":"post_tag","embeddable":true,"href":"https:\/\/www.slangtimes.com\/bernhardschmid\/wp-json\/wp\/v2\/tags?post=551"}],"curies":[{"name":"wp","href":"https:\/\/api.w.org\/{rel}","templated":true}]}}