{"id":3868,"date":"2025-07-01T14:44:25","date_gmt":"2025-07-01T14:44:25","guid":{"rendered":"https:\/\/www.slangtimes.com\/bernhardschmid\/?page_id=3868"},"modified":"2025-11-22T10:00:16","modified_gmt":"2025-11-22T10:00:16","slug":"die-praesidenten-show","status":"publish","type":"page","link":"https:\/\/www.slangtimes.com\/bernhardschmid\/","title":{"rendered":"Die Pr\u00e4sidenten-Show"},"content":{"rendered":"\n<p class=\"has-text-align-center has-black-color has-text-color has-link-color has-large-font-size wp-elements-1bd5bccebfa567030df09cf508ef96ee wp-block-paragraph\"><strong>Der ultimative F\u00fchrer durch die ersten 100 Tage der zweiten Pr\u00e4sidentschaft Donald Trumps<\/strong><br>*<\/p>\n\n\n\n<p class=\"has-text-align-center has-black-color has-text-color has-link-color has-medium-font-size wp-elements-12a17d52b3bb52bceceb1a0ab70352aa wp-block-paragraph\"><br>Vom \u00bbDiktator am ersten Tag\u00ab zum Despoten, der sich auf seinem Weg zur Selbstzerst\u00f6rung anschickt, die bestehende Weltordnung gegen die Wand zu fahren.<br>Dieses Buch ist der ultimative F\u00fchrer durch die ersten 100 Tage der zweiten Pr\u00e4sidentschaft Donald Trumps. Erfahren Sie alles \u00fcber das Abgleiten der USA in einen autorit\u00e4ren Staat. Kurz-und-b\u00fcndige Informationen \u00fcber Trumps Kabinett, Trumps Zollkrieg, Trumps Rachefeldzug, Trumps erbitterten Kampf gegen die Demokratie.<br>Die zweite Staffel der Weltuntergangsserie von einem, der auszog, sich eine Meinung zu bilden, und sich in den t\u00e4glichen Irrungen und Wirrungen einer wahrhaftigen Trump-Soap verlor.<\/p>\n\n\n<div class=\"wp-block-image\">\n<figure class=\"aligncenter size-full is-resized\"><a href=\"https:\/\/www.epubli.com\/shop\/die-praesidenten-show-9783819754876\"><img fetchpriority=\"high\" decoding=\"async\" width=\"555\" height=\"765\" src=\"https:\/\/www.slangtimes.com\/bernhardschmid\/wp-content\/uploads\/2025\/07\/PreSho.jpg\" alt=\"\" class=\"wp-image-3874\" style=\"width:333px\" srcset=\"https:\/\/www.slangtimes.com\/bernhardschmid\/wp-content\/uploads\/2025\/07\/PreSho.jpg 555w, https:\/\/www.slangtimes.com\/bernhardschmid\/wp-content\/uploads\/2025\/07\/PreSho-218x300.jpg 218w\" sizes=\"(max-width: 555px) 100vw, 555px\" \/><\/a><\/figure>\n<\/div>\n\n\n<p class=\"has-text-align-center has-large-font-size wp-block-paragraph\"><strong>Inhalt<\/strong><\/p>\n\n\n\n<p class=\"has-text-align-center has-medium-font-size wp-block-paragraph\">Zum Geleit \u2026 9<br>Vorwort \u2026 11<br>Der Protagonist der Pr\u00e4sidenten-Show: Wir rekapitulieren \u2026 13<br>Was bisher geschah \u2026 21<br>Episode 1: Zeitachse 1 \u2026 24<br>Episode 2: Weiteres Personal der Pr\u00e4sidenten-Show: Trumps Regierung \u2026 32<br>Episode 3: Eene meene muh \u2026 47<br>Episode 4: #Trumps Narziss-Daily vor dem Hintergrund des Zeitgeists \u2026 54<br>Episode 5: Zeitachse 2 \u2026 72<br>Episode 6: Facetten eines psychopathischen F\u00fchrungsstils: Chaos, Angst &amp; Vergeltung \u2026 77<br>Episode 7: Zeitachse 3 \u2026 90<br>Episode 8: Kampf den traditionellen Einrichtungen der Demokratie \u2026 94<br>Episode 9: Zeitachse 4 \u2026 110<br>Episode 10: Zollwut \u2013 Trumps Handelskrieg \u2026 114<br>Episode 11: O Canada \u2013 The True North strong and free! \u2026 126<br>Episode 12: Zeitachse 5 \u2026 131<br>Episode 13: Zollwut \u2026 136<br>Episode 14: Zeitachse 6 \u2026 141<br>Episode 15: Mein ist die Rache! \u2026 146<br>Episode 16: Zeitachse 7 \u2026 151<br>Episode 17: Habeas Corpus? Wozu? \u2026 159<br>Episode 18: Die dritte Amtszeit \u2026 165<br>Episode 19: Zeitachse 8 \u2026 168<br>Episode 20: Amerikas Chef-Abzocker \u2013 Donald \u00bbThe Don\u00ab Trump \u2026 175<br>Episode 21: Zeitachse 9 \u2026 181<br>Episode 22: Mit der Kettens\u00e4ge gegen die \u00c4rmsten \u2026 188<br>Episode 23: Wahlversprechen? Was f\u00fcr Wahlversprechen? \u2026 203<br>Episode 24: Elon Musk &amp; Trump \u2026 209<br>Episode 25: Zeitachse 10 \u2026 213<br>Episode 26: Hype, Hype, Hurrah! \u2026 221<br>Episode 27: 100 Tage Korruption \u2026 230<br>Schlusswort \u2026 243<br>Register \u2026 246<br>Quellen \u2026 256<\/p>\n","protected":false},"excerpt":{"rendered":"<p>Der ultimative F\u00fchrer durch die ersten 100 Tage der zweiten Pr\u00e4sidentschaft Donald Trumps* Vom \u00bbDiktator am ersten Tag\u00ab zum Despoten, der sich auf seinem Weg zur Selbstzerst\u00f6rung anschickt, die bestehende Weltordnung gegen die Wand zu fahren.Dieses Buch ist der ultimative F\u00fchrer durch die ersten 100 Tage der zweiten Pr\u00e4sidentschaft Donald Trumps. Erfahren Sie alles \u00fcber [&hellip;]<\/p>\n","protected":false},"author":1,"featured_media":0,"parent":0,"menu_order":0,"comment_status":"closed","ping_status":"closed","template":"","meta":{"_crdt_document":"","ngg_post_thumbnail":0,"ocean_post_layout":"","ocean_both_sidebars_style":"","ocean_both_sidebars_content_width":0,"ocean_both_sidebars_sidebars_width":0,"ocean_sidebar":"","ocean_second_sidebar":"","ocean_disable_margins":"enable","ocean_add_body_class":"","ocean_shortcode_before_top_bar":"","ocean_shortcode_after_top_bar":"","ocean_shortcode_before_header":"","ocean_shortcode_after_header":"","ocean_has_shortcode":"","ocean_shortcode_after_title":"","ocean_shortcode_before_footer_widgets":"","ocean_shortcode_after_footer_widgets":"","ocean_shortcode_before_footer_bottom":"","ocean_shortcode_after_footer_bottom":"","ocean_display_top_bar":"default","ocean_display_header":"default","ocean_header_style":"","ocean_center_header_left_menu":"","ocean_custom_header_template":"","ocean_custom_logo":0,"ocean_custom_retina_logo":0,"ocean_custom_logo_max_width":0,"ocean_custom_logo_tablet_max_width":0,"ocean_custom_logo_mobile_max_width":0,"ocean_custom_logo_max_height":0,"ocean_custom_logo_tablet_max_height":0,"ocean_custom_logo_mobile_max_height":0,"ocean_header_custom_menu":"","ocean_menu_typo_font_family":"","ocean_menu_typo_font_subset":"","ocean_menu_typo_font_size":0,"ocean_menu_typo_font_size_tablet":0,"ocean_menu_typo_font_size_mobile":0,"ocean_menu_typo_font_size_unit":"px","ocean_menu_typo_font_weight":"","ocean_menu_typo_font_weight_tablet":"","ocean_menu_typo_font_weight_mobile":"","ocean_menu_typo_transform":"","ocean_menu_typo_transform_tablet":"","ocean_menu_typo_transform_mobile":"","ocean_menu_typo_line_height":0,"ocean_menu_typo_line_height_tablet":0,"ocean_menu_typo_line_height_mobile":0,"ocean_menu_typo_line_height_unit":"","ocean_menu_typo_spacing":0,"ocean_menu_typo_spacing_tablet":0,"ocean_menu_typo_spacing_mobile":0,"ocean_menu_typo_spacing_unit":"","ocean_menu_link_color":"","ocean_menu_link_color_hover":"","ocean_menu_link_color_active":"","ocean_menu_link_background":"","ocean_menu_link_hover_background":"","ocean_menu_link_active_background":"","ocean_menu_social_links_bg":"","ocean_menu_social_hover_links_bg":"","ocean_menu_social_links_color":"","ocean_menu_social_hover_links_color":"","ocean_disable_title":"default","ocean_disable_heading":"default","ocean_post_title":"","ocean_post_subheading":"","ocean_post_title_style":"","ocean_post_title_background_color":"","ocean_post_title_background":0,"ocean_post_title_bg_image_position":"","ocean_post_title_bg_image_attachment":"","ocean_post_title_bg_image_repeat":"","ocean_post_title_bg_image_size":"","ocean_post_title_height":0,"ocean_post_title_bg_overlay":0.5,"ocean_post_title_bg_overlay_color":"","ocean_disable_breadcrumbs":"default","ocean_breadcrumbs_color":"","ocean_breadcrumbs_separator_color":"","ocean_breadcrumbs_links_color":"","ocean_breadcrumbs_links_hover_color":"","ocean_display_footer_widgets":"default","ocean_display_footer_bottom":"default","ocean_custom_footer_template":"","footnotes":""},"categories":[],"tags":[],"class_list":["post-3868","page","type-page","status-publish","hentry","entry"],"_links":{"self":[{"href":"https:\/\/www.slangtimes.com\/bernhardschmid\/wp-json\/wp\/v2\/pages\/3868","targetHints":{"allow":["GET"]}}],"collection":[{"href":"https:\/\/www.slangtimes.com\/bernhardschmid\/wp-json\/wp\/v2\/pages"}],"about":[{"href":"https:\/\/www.slangtimes.com\/bernhardschmid\/wp-json\/wp\/v2\/types\/page"}],"author":[{"embeddable":true,"href":"https:\/\/www.slangtimes.com\/bernhardschmid\/wp-json\/wp\/v2\/users\/1"}],"replies":[{"embeddable":true,"href":"https:\/\/www.slangtimes.com\/bernhardschmid\/wp-json\/wp\/v2\/comments?post=3868"}],"version-history":[{"count":3,"href":"https:\/\/www.slangtimes.com\/bernhardschmid\/wp-json\/wp\/v2\/pages\/3868\/revisions"}],"predecessor-version":[{"id":3889,"href":"https:\/\/www.slangtimes.com\/bernhardschmid\/wp-json\/wp\/v2\/pages\/3868\/revisions\/3889"}],"wp:attachment":[{"href":"https:\/\/www.slangtimes.com\/bernhardschmid\/wp-json\/wp\/v2\/media?parent=3868"}],"wp:term":[{"taxonomy":"category","embeddable":true,"href":"https:\/\/www.slangtimes.com\/bernhardschmid\/wp-json\/wp\/v2\/categories?post=3868"},{"taxonomy":"post_tag","embeddable":true,"href":"https:\/\/www.slangtimes.com\/bernhardschmid\/wp-json\/wp\/v2\/tags?post=3868"}],"curies":[{"name":"wp","href":"https:\/\/api.w.org\/{rel}","templated":true}]}}