{"id":1981,"date":"2022-05-16T07:12:40","date_gmt":"2022-05-16T07:12:40","guid":{"rendered":"https:\/\/www.slangtimes.com\/bernhardschmid\/?page_id=1981"},"modified":"2023-10-10T04:17:09","modified_gmt":"2023-10-10T04:17:09","slug":"nigel-kennedy-die-biographie-aus-dem-lockdown","status":"publish","type":"page","link":"https:\/\/www.slangtimes.com\/bernhardschmid\/nigel-kennedy-die-biographie-aus-dem-lockdown\/","title":{"rendered":"Nigel Kennedy \u2013 Die Biographie aus dem Lockdown"},"content":{"rendered":"\n<p class=\"wp-block-paragraph\" style=\"font-size:20px\"><strong>When I&#8217;m 64 \u2013 Der Violinist im Wechsel der Jahreszeiten &#8230; Der eigenwillige Geiger ist nicht nur einen Zacken schr\u00e4ger, als man sich das ohnehin schon ausgemalt hatte, er ist auch ein recht grantiger alter Knabe \u2013 und ein in der Wolle gef\u00e4rbter Fu\u00dfballfan. Auch wenn die f\u00fcr dieses Jahr angedachte Deutschlandtour erst mal geknickt werden musste, f\u00fcr Fans hat er jetzt \u2013 zum Vorgl\u00fchen f\u00fcr den Fall, dass es n\u00e4chstes Jahr klappt <strong>\u2013 <\/strong>seine Autobiographie vorgelegt &#8230; <\/strong><\/p>\n\n\n<div class=\"wp-block-image\">\n<figure class=\"alignleft size-full is-resized\"><a href=\"https:\/\/www.amazon.de\/Mein-rebellisches-Leben\/dp\/3608500200\/ref=sr_1_1?keywords=nigel+kennedy&amp;qid=1654590688&amp;s=books&amp;sprefix=nigel+kenn%2Cstripbooks%2C123&amp;sr=1-1\" target=\"_blank\" rel=\"https:\/\/www.amazon.de\/Mein-rebellisches-Leben\/dp\/3608500200\/ref=sr_1_1?keywords=nigel+kennedy&amp;qid=1654590688&amp;s=books&amp;sprefix=nigel+kenn%2Cstripbooks%2C123&amp;sr=1-1 noopener\"><img fetchpriority=\"high\" decoding=\"async\" src=\"https:\/\/www.slangtimes.com\/bernhardschmid\/wp-content\/uploads\/2022\/05\/nk92.jpg\" alt=\"\" class=\"wp-image-1978\" style=\"width:257px;height:382px\" width=\"257\" height=\"382\" srcset=\"https:\/\/www.slangtimes.com\/bernhardschmid\/wp-content\/uploads\/2022\/05\/nk92.jpg 514w, https:\/\/www.slangtimes.com\/bernhardschmid\/wp-content\/uploads\/2022\/05\/nk92-202x300.jpg 202w\" sizes=\"(max-width: 257px) 100vw, 257px\" \/><\/a><\/figure>\n<\/div>\n\n\n<p class=\"wp-block-paragraph\" style=\"font-size:18px\">Als \u00dcbersetzer h\u00f6re ich, wenn ich mal das dieser Tage eher seltene Vergn\u00fcgen habe, eine Musikerbiographie machen zu k\u00f6nnen, gern w\u00e4hrend der Arbeit das \u0152uvre mit. \u00bbVermutlich bis Oberkante Unterlippe\u00ab, wie jetzt vielleicht der eine oder andere denkt, aber dem ist ganz und gar nicht so. Und im Fall von Kennedy gab es obendrein noch eine Menge zu entdecken, vor allem seine eigenen Sachen, die ich schlicht nicht kannte. Allen voran vielleicht \u2013 ich mag wirklich so einiges \u2013 <strong><em><a rel=\"noreferrer noopener\" href=\"https:\/\/www.amazon.de\/Kafka-Nigel-Kennedy\/dp\/B000002SJM\/ref=sr_1_1?__mk_de_DE=%C3%85M%C3%85%C5%BD%C3%95%C3%91&amp;crid=10T1L6N2SSE5N&amp;keywords=nigel+kennedy+kafka&amp;qid=1654591708&amp;s=books&amp;sprefix=nigel+kennedy+kafka%2Cstripbooks%2C105&amp;sr=1-1-catcorr\" target=\"_blank\">Kafka<\/a><\/em><\/strong> \u2013 \u00bbeine Sammlung von Songs zum Thema Ver\u00e4nderung\u00ab. <\/p>\n\n\n\n<p class=\"has-medium-font-size wp-block-paragraph\">Herausheben m\u00f6chte ich den Track <strong>\u00bbMelody in the Wind\u00ab<\/strong>, den er eigens im Hinblick auf eine Zusammenarbeit mit seinem alten Freund und Mentor <strong>St\u00e9phane Grapelli<\/strong> geschrieben hatte. Der war damals bereits 88 Jahre alt und schwer krank, bestand aber darauf, den Song zusammen mit Kennedy einzuspielen: \u00bbIch fand es wunderbar, dass er sich zu dieser Aufnahme bereit erkl\u00e4rte, zumal er zur Zeit der Session schwer erkrankt war. Ich h\u00e4tte es damals f\u00fcr besser gehalten, die Session abzusagen oder seine Violinparts bei ihm zuhause in Montmartre einzuspielen, damit er nicht aus dem Haus musste. (\u00dcbrigens mochte ich seine Wohnung in Montmartre. Steff hasste Banken und stopfte sein Geld in bar in diverse Ritzen in den W\u00e4nden um sich herum. Ich \u00fcberlege zuweilen, wie das wohl gewesen sein muss, als der Euro kam \u2013 ich k\u00f6nnte mir vorstellen, dass die Bude eingefallen w\u00e4re, h\u00e4tte er all die Knete aus den Ritzen geholt!) Ich schlug ihm beide M\u00f6glichkeiten vor, auf die ich gekommen war; vor allem aber dr\u00e4ngte ich auf die Absage der Session. Aber nichts da, er bestand darauf, den Song in dem bereits gebuchten Studio aufzunehmen. Er wollte mich eben nicht h\u00e4ngen lassen. Seine Violine sang wie ein Vogel, aber sp\u00e4ter dann, als ich die Tonspur mit seiner Violine isolierte, h\u00f6rte ich ihn den ganzen Track \u00fcber husten. Er lieferte seinen wunderbaren Vortrag offensichtlich aus professionellem Stolz heraus ab, vielleicht auch ein wenig aus Liebe zu mir. Wie auch immer, sein Beitrag bedeutet mir unendlich viel.\u00ab <\/p>\n\n\n\n<p class=\"has-text-align-center has-x-large-font-size wp-block-paragraph\">*<\/p>\n\n\n\n<p class=\"has-medium-font-size wp-block-paragraph\">Weitere von mir \u00fcbersetzte Titel &#8230; <\/p>\n","protected":false},"excerpt":{"rendered":"<p>When I&#8217;m 64 \u2013 Der Violinist im Wechsel der Jahreszeiten &#8230; Der eigenwillige Geiger ist nicht nur einen Zacken schr\u00e4ger, als man sich das ohnehin schon ausgemalt hatte, er ist auch ein recht grantiger alter Knabe \u2013 und ein in der Wolle gef\u00e4rbter Fu\u00dfballfan. Auch wenn die f\u00fcr dieses Jahr angedachte Deutschlandtour erst mal geknickt [&hellip;]<\/p>\n","protected":false},"author":1,"featured_media":0,"parent":0,"menu_order":0,"comment_status":"closed","ping_status":"closed","template":"","meta":{"_crdt_document":"","ngg_post_thumbnail":0,"ocean_post_layout":"","ocean_both_sidebars_style":"","ocean_both_sidebars_content_width":0,"ocean_both_sidebars_sidebars_width":0,"ocean_sidebar":"0","ocean_second_sidebar":"0","ocean_disable_margins":"enable","ocean_add_body_class":"","ocean_shortcode_before_top_bar":"","ocean_shortcode_after_top_bar":"","ocean_shortcode_before_header":"","ocean_shortcode_after_header":"","ocean_has_shortcode":"","ocean_shortcode_after_title":"","ocean_shortcode_before_footer_widgets":"","ocean_shortcode_after_footer_widgets":"","ocean_shortcode_before_footer_bottom":"","ocean_shortcode_after_footer_bottom":"","ocean_display_top_bar":"default","ocean_display_header":"default","ocean_header_style":"","ocean_center_header_left_menu":"0","ocean_custom_header_template":"0","ocean_custom_logo":0,"ocean_custom_retina_logo":0,"ocean_custom_logo_max_width":0,"ocean_custom_logo_tablet_max_width":0,"ocean_custom_logo_mobile_max_width":0,"ocean_custom_logo_max_height":0,"ocean_custom_logo_tablet_max_height":0,"ocean_custom_logo_mobile_max_height":0,"ocean_header_custom_menu":"0","ocean_menu_typo_font_family":"0","ocean_menu_typo_font_subset":"","ocean_menu_typo_font_size":0,"ocean_menu_typo_font_size_tablet":0,"ocean_menu_typo_font_size_mobile":0,"ocean_menu_typo_font_size_unit":"px","ocean_menu_typo_font_weight":"","ocean_menu_typo_font_weight_tablet":"","ocean_menu_typo_font_weight_mobile":"","ocean_menu_typo_transform":"","ocean_menu_typo_transform_tablet":"","ocean_menu_typo_transform_mobile":"","ocean_menu_typo_line_height":0,"ocean_menu_typo_line_height_tablet":0,"ocean_menu_typo_line_height_mobile":0,"ocean_menu_typo_line_height_unit":"","ocean_menu_typo_spacing":0,"ocean_menu_typo_spacing_tablet":0,"ocean_menu_typo_spacing_mobile":0,"ocean_menu_typo_spacing_unit":"","ocean_menu_link_color":"","ocean_menu_link_color_hover":"","ocean_menu_link_color_active":"","ocean_menu_link_background":"","ocean_menu_link_hover_background":"","ocean_menu_link_active_background":"","ocean_menu_social_links_bg":"","ocean_menu_social_hover_links_bg":"","ocean_menu_social_links_color":"","ocean_menu_social_hover_links_color":"","ocean_disable_title":"default","ocean_disable_heading":"default","ocean_post_title":"","ocean_post_subheading":"","ocean_post_title_style":"","ocean_post_title_background_color":"","ocean_post_title_background":0,"ocean_post_title_bg_image_position":"","ocean_post_title_bg_image_attachment":"","ocean_post_title_bg_image_repeat":"","ocean_post_title_bg_image_size":"","ocean_post_title_height":0,"ocean_post_title_bg_overlay":0.5,"ocean_post_title_bg_overlay_color":"","ocean_disable_breadcrumbs":"default","ocean_breadcrumbs_color":"","ocean_breadcrumbs_separator_color":"","ocean_breadcrumbs_links_color":"","ocean_breadcrumbs_links_hover_color":"","ocean_display_footer_widgets":"default","ocean_display_footer_bottom":"default","ocean_custom_footer_template":"0","footnotes":""},"categories":[],"tags":[],"class_list":["post-1981","page","type-page","status-publish","hentry","entry"],"_links":{"self":[{"href":"https:\/\/www.slangtimes.com\/bernhardschmid\/wp-json\/wp\/v2\/pages\/1981","targetHints":{"allow":["GET"]}}],"collection":[{"href":"https:\/\/www.slangtimes.com\/bernhardschmid\/wp-json\/wp\/v2\/pages"}],"about":[{"href":"https:\/\/www.slangtimes.com\/bernhardschmid\/wp-json\/wp\/v2\/types\/page"}],"author":[{"embeddable":true,"href":"https:\/\/www.slangtimes.com\/bernhardschmid\/wp-json\/wp\/v2\/users\/1"}],"replies":[{"embeddable":true,"href":"https:\/\/www.slangtimes.com\/bernhardschmid\/wp-json\/wp\/v2\/comments?post=1981"}],"version-history":[{"count":3,"href":"https:\/\/www.slangtimes.com\/bernhardschmid\/wp-json\/wp\/v2\/pages\/1981\/revisions"}],"predecessor-version":[{"id":2452,"href":"https:\/\/www.slangtimes.com\/bernhardschmid\/wp-json\/wp\/v2\/pages\/1981\/revisions\/2452"}],"wp:attachment":[{"href":"https:\/\/www.slangtimes.com\/bernhardschmid\/wp-json\/wp\/v2\/media?parent=1981"}],"wp:term":[{"taxonomy":"category","embeddable":true,"href":"https:\/\/www.slangtimes.com\/bernhardschmid\/wp-json\/wp\/v2\/categories?post=1981"},{"taxonomy":"post_tag","embeddable":true,"href":"https:\/\/www.slangtimes.com\/bernhardschmid\/wp-json\/wp\/v2\/tags?post=1981"}],"curies":[{"name":"wp","href":"https:\/\/api.w.org\/{rel}","templated":true}]}}